{"id":61,"date":"2024-06-06T07:30:45","date_gmt":"2024-06-06T07:30:45","guid":{"rendered":"https:\/\/gsalcazaba400.org\/?page_id=61"},"modified":"2024-06-06T07:30:45","modified_gmt":"2024-06-06T07:30:45","slug":"condiciones-de-uso","status":"publish","type":"page","link":"https:\/\/gsalcazaba400.org\/index.php\/condiciones-de-uso\/","title":{"rendered":"CONDICIONES DE USO"},"content":{"rendered":"\n<p>El Grupo Scout Alcazaba 400 es una entidad sin animo de lucro cuyo domicilio social se encuentra sito en la calla nuzas n\u00famero 14, local 8, 29010, M\u00e1laga. Nuestra direcci\u00f3n de correo electr\u00f3nico de contacto es:\u00a0<a href=\"mailto:asde@scout.es\">info@gsalcazaba400.org<\/a>.<\/p>\n\n\n\n<p><strong>Derechos de propiedad intelectual e industrial<\/strong><\/p>\n\n\n\n<p>El Grupo Scout Alcazaba 400 es titular o tiene la correspondiente licencia sobre los derechos de explotaci\u00f3n de propiedad intelectual e industrial del\u00a0<a href=\"https:\/\/www.scout.es\/\">https:\/\/gsalcazaba400.org\/<\/a>, as\u00ed como de los derechos de propiedad intelectual, industrial y de imagen sobre los contenidos disponibles a trav\u00e9s del mismo.<\/p>\n\n\n\n<p>En ning\u00fan caso se entender\u00e1 que el acceso y navegaci\u00f3n del\/a Usuario\/a, implica una renuncia, transmisi\u00f3n, licencia o cesi\u00f3n total ni parcial de dichos derechos por parte del Grupo Scout Alcazaba 400.<\/p>\n\n\n\n<p>En consecuencia, no est\u00e1 permitido suprimir, eludir o manipular el aviso de derechos de autor (\u00abcopyright\u00bb) y cualesquiera otros datos de identificaci\u00f3n de los derechos del El Grupo Scout Alcazaba 400 o de sus titulares incorporados a los contenidos, as\u00ed como los dispositivos t\u00e9cnicos de protecci\u00f3n, las huellas digitales o cualesquiera mecanismos de informaci\u00f3n y\/o de identificaci\u00f3n que pudieren contenerse en los contenidos.<\/p>\n\n\n\n<p>Asimismo est\u00e1 prohibido modificar, copiar, reutilizar, explotar, reproducir, comunicar p\u00fablicamente, hacer segundas o posteriores publicaciones, cargar archivos, enviar por correo, transmitir, usar, tratar o distribuir de cualquier forma la totalidad o parte de los contenidos incluidos en el\u00a0<a href=\"https:\/\/www.scout.es\/\">https:\/\/gsalcazaba400.org\/<\/a>\u00a0para prop\u00f3sitos comerciales, si no se cuenta con la autorizaci\u00f3n expresa y por escrito del El Grupo Scout Alcazaba 400 o, en su caso, del titular de los derechos a que corresponda.<\/p>\n\n\n\n<p>Esta permitido modificar, copiar, reutilizar, explotar, reproducir, comunicar p\u00fablicamente, hacer segundas o posteriores publicaciones, cargar archivos, enviar por correo, transmitir, usar, tratar o distribuir de cualquier forma la totalidad o parte de los contenidos incluidos en el\u00a0<a href=\"https:\/\/www.scout.es\/\">https:\/\/gsalcazaba400.org\/<\/a>\u00a0para prop\u00f3sitos educativos sin animo de lucro.<\/p>\n\n\n\n<p><strong>Acceso a la informaci\u00f3n<\/strong><\/p>\n\n\n\n<p>El acceso al\u00a0<a href=\"https:\/\/www.scout.es\/\">https:\/\/gsalcazaba400.org\/<\/a>\u00a0por parte de los\/as Usuarios\/as tiene car\u00e1cter libre y gratuito.<\/p>\n\n\n\n<p>Cuando sea necesario que el\/a Usuario\/a se registre o aporte datos personales para poder acceder a alguno de los servicios espec\u00edficos, la recogida, el tratamiento y, en su caso, la cesi\u00f3n o el acceso de los datos personales de los\/as Usuarios\/as ser\u00e1 de aplicaci\u00f3n lo dispuesto en la Pol\u00edtica de Privacidad recogida en el\u00a0<a href=\"https:\/\/www.scout.es\/\">https:\/\/<\/a>gsalcazaba400.org.<\/p>\n\n\n\n<p><strong>Utilizaci\u00f3n de la p\u00e1gina<\/strong><\/p>\n\n\n\n<p>Los contenidos incluidos en el\u00a0<a href=\"https:\/\/gsalcazaba400.org\/\">https:\/\/gsalcazaba400.org\/<\/a>\u00a0se facilitan \u00fanicamente a consumidores o usuarios finales. Cualquier uso comercial no autorizado de los mismos, o su reventa, quedan prohibidos, salvo que se cuente con la previa autorizaci\u00f3n escrita del El Grupo Scout Alcazaba 400.<\/p>\n\n\n\n<p>Si para la utilizaci\u00f3n de un servicio de\u00a0<a href=\"https:\/\/gsalcazaba400.org\/\">https:\/\/gsalcazaba400.org\/<\/a>, el Usuario debiera proceder a su registro, \u00e9ste ser\u00e1 responsable de aportar informaci\u00f3n veraz y l\u00edcita. Si como consecuencia del registro, se dotara al Usuario de una contrase\u00f1a, \u00e9ste se compromete a hacer un uso diligente y a mantener en secreto la contrase\u00f1a para acceder a estos servicios. En consecuencia, los Usuarios son responsables de la adecuada custodia y confidencialidad de cualesquiera identificadores y\/o contrase\u00f1as que le sean suministradas por el El Grupo Scout Alcazaba 400, y se comprometen a no ceder su uso a terceros, ya sea temporal o permanente, ni a permitir su acceso a personas ajenas. Ser\u00e1 responsabilidad del\/a Usuario\/a la utilizaci\u00f3n il\u00edcita de los servicios por cualquier tercero ileg\u00edtimo que emplee a tal efecto una contrase\u00f1a a causa de una utilizaci\u00f3n no diligente o de la p\u00e9rdida de la misma por el\/a Usuario\/a.<\/p>\n\n\n\n<p>En virtud de lo anterior, es obligaci\u00f3n del Usuario notificar de forma inmediata a los gestores del\u00a0<a href=\"https:\/\/gsalcazaba400.org\/\">https:\/\/gsalcazaba400.org\/<\/a>\u00a0acerca de cualquier hecho que permita el uso indebido de los identificadores y\/o contrase\u00f1as, tales como el robo, extrav\u00edo, o el acceso no autorizado a los mismos, con el fin de proceder a su inmediata cancelaci\u00f3n. Mientras no se comuniquen tales hechos, El Grupo Scout Alcazaba 400 quedar\u00e1 eximida de cualquier responsabilidad que pudiera derivarse del uso indebido de los identificadores o contrase\u00f1as por terceros no autorizados.<\/p>\n\n\n\n<p>El acceso, navegaci\u00f3n y uso del\u00a0<a href=\"https:\/\/gsalcazaba400.org\/\">https:\/\/gsalcazaba400.org\/<\/a>\u00a0es responsabilidad del Usuario, por lo que el Usuario se compromete a observar diligente y fielmente cualquier instrucci\u00f3n adicional impartida por el El Grupo Scout Alcazaba 400  relativa al uso de\u00a0<a href=\"https:\/\/gsalcazaba400.org\/\">https:\/\/gsalcazaba400.org\/<\/a>\u00a0y de sus contenidos.<\/p>\n\n\n\n<p>Por tanto, el Usuario se obliga a usar los contenidos de forma diligente, correcta y l\u00edcita y, en particular, se compromete a abstenerse de:<\/p>\n\n\n\n<ul class=\"wp-block-list\">\n<li>Utilizar los contenidos con fines o efectos contrarios a la ley, a la moral y a las buenas costumbres generalmente aceptadas o al orden p\u00fablico.<\/li>\n\n\n\n<li>Emplear los contenidos y, en particular, la informaci\u00f3n de cualquier clase obtenida a trav\u00e9s de la p\u00e1gina o de los servicios para remitir publicidad, comunicaciones con fines de venta directa o con cualquier otra clase de finalidad comercial, mensajes no solicitados dirigidos a una pluralidad de personas con independencia de su finalidad, as\u00ed como a abstenerse de comercializar o divulgar de cualquier modo dicha informaci\u00f3n.<\/li>\n<\/ul>\n\n\n\n<p>El El Grupo Scout Alcazaba 400 consiente la reproducci\u00f3n o copia y distribuci\u00f3n, de cualquier informaci\u00f3n de contenido educativo encontrada en\u00a0<a href=\"https:\/\/gsalcazaba400.org\/\">https:\/\/gsalcazaba400.org\/<\/a>, que no se encuentre protegida por derechos de autor, y cuya finalidad se corresponda con los objetivos y fines de la organizaci\u00f3n, y no persiga el beneficio econ\u00f3mico de ninguna entidad o persona f\u00edsica.<\/p>\n\n\n\n<p><strong>Licencia sobre comunicaciones<\/strong><\/p>\n\n\n\n<p>En el caso de que el Usuario env\u00ede informaci\u00f3n de cualquier tipo a\u00a0<a href=\"https:\/\/gsalcazaba400.org\/\">https:\/\/gsalcazaba400.org\/,<\/a> el mismo declara, garantiza y acepta que tiene derecho a hacerlo libremente, que dicha informaci\u00f3n no infringe ning\u00fan derecho de propiedad intelectual, de marca, de patente, secreto comercial, o cualquier otro derecho de tercero, que dicha informaci\u00f3n no tiene car\u00e1cter confidencial y que dicha informaci\u00f3n no es perjudicial para terceros.<\/p>\n\n\n\n<p>El Usuario reconoce asumir la responsabilidad y dejar\u00e1 indemne a el El Grupo Scout Alcazaba 400 por cualquier comunicaci\u00f3n que suministre personalmente o a su nombre, alcanzando dicha responsabilidad sin restricci\u00f3n alguna la exactitud, legalidad, originalidad y titularidad de la misma.<\/p>\n\n\n\n<p><strong>Responsabilidad y garantias<\/strong><\/p>\n\n\n\n<p>El El Grupo Scout Alcazaba 400 no garantiza la licitud, fiabilidad, utilidad, veracidad o exactitud de los servicios o de la informaci\u00f3n que se presten a trav\u00e9s de\u00a0<a href=\"https:\/\/gsalcazaba400.org\/\">https:\/\/gsalcazaba400.org\/<\/a>.<\/p>\n\n\n\n<p>En consecuencia, el El Grupo Scout Alcazaba 400 no garantiza ni se hace responsable de: (i) la continuidad de los contenidos de<a href=\"https:\/\/gsalcazaba400.org\/\">https:\/\/gsalcazaba400.org\/<\/a>; (ii) la ausencia de errores en dichos contenidos ni la correcci\u00f3n de cualquier defecto que pudiera ocurrir; (iii) la ausencia de virus y\/o dem\u00e1s componentes da\u00f1inos en\u00a0<a href=\"https:\/\/gsalcazaba400.org\/\">https:\/\/gsalcazaba400.org\/<\/a>, o en el servidor que lo suministra; (iv) la invulnerabilidad de\u00a0<a href=\"https:\/\/gsalcazaba400.org\/\">https:\/\/gsalcazaba400.org\/<\/a>\u00a0y\/o la inexpugnabilidad de las medidas de seguridad que se adopten en el mismo; (v) la falta de utilidad o rendimiento de los contenidos de <a href=\"https:\/\/gsalcazaba400.org\/\">https:\/\/gsalcazaba400.org\/<\/a>; (vi) los da\u00f1os o perjuicios que cause, a s\u00ed mismo o a un tercero, cualquier persona que infringiera las condiciones, normas e instrucciones que el El Grupo Scout Alcazaba 400 establece en\u00a0<a href=\"https:\/\/gsalcazaba400.org\/\">https:\/\/gsalcazaba400.org\/<\/a>\u00a0o a trav\u00e9s de la vulneraci\u00f3n de los sistemas de seguridad de\u00a0<a href=\"https:\/\/gsalcazaba400.org\/\">https:\/\/gsalcazaba400.org\/<\/a>.<\/p>\n\n\n\n<p>No obstante, el El Grupo Scout Alcazaba 400 declara que ha adoptado todas las medidas necesarias, dentro de sus posibilidades y del estado de la tecnolog\u00eda, para garantizar el funcionamiento de\u00a0<a href=\"https:\/\/gsalcazaba400.org\/\">https:\/\/gsalcazaba400.org\/<\/a>\u00a0y evitar la existencia y transmisi\u00f3n de virus y dem\u00e1s componentes da\u00f1inos a los Usuarios.<\/p>\n\n\n\n<p><strong>Duraci\u00f3n y modificaci\u00f3n<\/strong><\/p>\n\n\n\n<p>El El Grupo Scout Alcazaba 400 podr\u00e1 modificar los t\u00e9rminos y condiciones aqu\u00ed estipulados, total o parcialmente, publicando cualquier cambio en la misma forma en que aparecen estas condiciones generales o a trav\u00e9s de cualquier tipo de comunicaci\u00f3n dirigida a los Usuarios.<\/p>\n\n\n\n<p>La vigencia temporal de estas condiciones generales coincide, por lo tanto, con el tiempo de su exposici\u00f3n, hasta que sean modificadas total o parcialmente, momento en el cual pasar\u00e1n a tener vigencia las condiciones generales modificadas.<\/p>\n\n\n\n<p>Con independencia de lo dispuesto en las condiciones particulares, el Grupo Scout Alcazaba 400 podr\u00e1 dar por terminado, suspender o interrumpir, en cualquier momento sin necesidad de preaviso, el acceso a los contenidos de la p\u00e1gina, sin posibilidad por parte del Usuario de exigir indemnizaci\u00f3n alguna. Tras dicha extinci\u00f3n, seguir\u00e1n vigentes las prohibiciones de uso de los contenidos expuestas anteriormente en las presentes condiciones generales.<\/p>\n\n\n\n<p><strong>Generalidades<\/strong><\/p>\n\n\n\n<p>Los encabezamientos de las distintas cl\u00e1usulas son s\u00f3lo informativos, y no afectar\u00e1n, calificar\u00e1n o ampliar\u00e1n la interpretaci\u00f3n de las condiciones generales.<\/p>\n\n\n\n<p>En caso de existir discrepancia entre lo establecido en estas condiciones generales y las condiciones particulares de cada servicio espec\u00edfico, prevalecer\u00e1 lo dispuesto en \u00e9stas \u00faltimas.<\/p>\n\n\n\n<p>En el caso de que cualquier disposici\u00f3n o disposiciones de estas condiciones generales fuera(n) considerada(s) nula(s) o inaplicable(s), en su totalidad o en parte, por cualquier Juzgado, Tribunal u \u00f3rgano administrativo competente, dicha nulidad o inaplicaci\u00f3n no afectar\u00e1 a las otras disposiciones de las condiciones generales ni a las condiciones particulares de los diferentes servicios del Grupo Scout Alcazaba 400.<\/p>\n\n\n\n<p>El no ejercicio o ejecuci\u00f3n por parte del El Grupo Scout Alcazaba 400\u00a0de cualquier derecho o disposici\u00f3n contenida en estas condiciones generales no constituir\u00e1 una renuncia al mismo, salvo reconocimiento y acuerdo por escrito por su parte.<\/p>\n\n\n\n<p><strong>Jurisdicci\u00f3n<\/strong><\/p>\n\n\n\n<p>Las relaciones establecidas entre el Grupo Scout Alcazaba 400 y el\/a Usuario \/ase regir\u00e1n por lo dispuesto en la normativa vigente acerca de la legislaci\u00f3n aplicable y la jurisdicci\u00f3n competente. No obstante, para los casos en los que la normativa prevea la posibilidad a las partes de someterse a un fuero, el El Grupo Scout Alcazaba 400 y el\/a Usuario\/a, con renuncia expresa a cualquier otro fuero que pudiera corresponderles, se someten a los Juzgados y Tribunales de la ciudad de M\u00e1laga.<\/p>\n","protected":false},"excerpt":{"rendered":"<p>El Grupo Scout Alcazaba 400 es una entidad sin animo de lucro cuyo domicilio social se encuentra sito en la calla nuzas n\u00famero 14, local 8, 29010, M\u00e1laga. Nuestra direcci\u00f3n de correo electr\u00f3nico de contacto es:\u00a0info@gsalcazaba400.org. Derechos de propiedad intelectual e industrial El Grupo Scout Alcazaba 400 es titular o tiene la correspondiente licencia sobre [&hellip;]<\/p>\n","protected":false},"author":1,"featured_media":0,"parent":0,"menu_order":0,"comment_status":"closed","ping_status":"closed","template":"","meta":{"footnotes":""},"class_list":["post-61","page","type-page","status-publish","hentry"],"_links":{"self":[{"href":"https:\/\/gsalcazaba400.org\/index.php\/wp-json\/wp\/v2\/pages\/61","targetHints":{"allow":["GET"]}}],"collection":[{"href":"https:\/\/gsalcazaba400.org\/index.php\/wp-json\/wp\/v2\/pages"}],"about":[{"href":"https:\/\/gsalcazaba400.org\/index.php\/wp-json\/wp\/v2\/types\/page"}],"author":[{"embeddable":true,"href":"https:\/\/gsalcazaba400.org\/index.php\/wp-json\/wp\/v2\/users\/1"}],"replies":[{"embeddable":true,"href":"https:\/\/gsalcazaba400.org\/index.php\/wp-json\/wp\/v2\/comments?post=61"}],"version-history":[{"count":1,"href":"https:\/\/gsalcazaba400.org\/index.php\/wp-json\/wp\/v2\/pages\/61\/revisions"}],"predecessor-version":[{"id":62,"href":"https:\/\/gsalcazaba400.org\/index.php\/wp-json\/wp\/v2\/pages\/61\/revisions\/62"}],"wp:attachment":[{"href":"https:\/\/gsalcazaba400.org\/index.php\/wp-json\/wp\/v2\/media?parent=61"}],"curies":[{"name":"wp","href":"https:\/\/api.w.org\/{rel}","templated":true}]}}