{"id":380,"date":"2026-01-27T18:05:02","date_gmt":"2026-01-27T18:05:02","guid":{"rendered":"https:\/\/gsalcazaba400.org\/?page_id=380"},"modified":"2026-01-27T18:13:21","modified_gmt":"2026-01-27T18:13:21","slug":"canal-de-denuncias","status":"publish","type":"page","link":"https:\/\/gsalcazaba400.org\/index.php\/canal-de-denuncias\/","title":{"rendered":"Canal de Denuncias L.O.P.I.V.I."},"content":{"rendered":"\n<p>Gracias por contactar a trav\u00e9s de este canal.<\/p>\n\n\n\n<p>Como no pod\u00eda ser de otra manera, el Grupo Scout Alcazaba 400 se adapta de forma continua a los diversos requerimientos legislativos que en materia de protecci\u00f3n y buen trato a los NNA se publican o est\u00e1n vigentes en nuestro pa\u00eds, como puede ser el caso de la\u00a0<a href=\"https:\/\/www.boe.es\/buscar\/doc.php?id=BOE-A-2021-9347\"><strong><em>Ley Org\u00e1nica de Protecci\u00f3n Integral a la Infancia y la Adolescencia frente a la violencia (LOPIVI).<\/em><\/strong><\/a><\/p>\n\n\n\n<p>Para ello, puedes consultar la\u00a0<em>\u201c<\/em><strong><em><a href=\"https:\/\/scout.es\/wp-content\/uploads\/2024\/02\/Politica-de-Proteccion-y-Buen-trato-hacia-NNA-RAKSHA.pdf\">Pol\u00edtica de Protecci\u00f3n y Buen trato hacia NNA (RAKSHA)<\/a><\/em><\/strong><em>\u201d<\/em>\u00a0que ha elaborado ASDE-Scouts de Espa\u00f1a.<\/p>\n\n\n\n<p class=\"has-text-align-center\"><a href=\"https:\/\/docs.google.com\/forms\/d\/e\/1FAIpQLSdnZIrbqEz0OaKT574_SG0jgWTNQ4S23EwYBRjumyLPc0elOA\/viewform?usp=header\">ACCEDE AQU\u00cd AL CANAL DE DENUNCIAS<\/a><\/p>\n","protected":false},"excerpt":{"rendered":"<p>Gracias por contactar a trav\u00e9s de este canal. Como no pod\u00eda ser de otra manera, el Grupo Scout Alcazaba 400 se adapta de forma continua a los diversos requerimientos legislativos que en materia de protecci\u00f3n y buen trato a los NNA se publican o est\u00e1n vigentes en nuestro pa\u00eds, como puede ser el caso de [&hellip;]<\/p>\n","protected":false},"author":1,"featured_media":0,"parent":0,"menu_order":0,"comment_status":"closed","ping_status":"closed","template":"","meta":{"footnotes":""},"class_list":["post-380","page","type-page","status-publish","hentry"],"_links":{"self":[{"href":"https:\/\/gsalcazaba400.org\/index.php\/wp-json\/wp\/v2\/pages\/380","targetHints":{"allow":["GET"]}}],"collection":[{"href":"https:\/\/gsalcazaba400.org\/index.php\/wp-json\/wp\/v2\/pages"}],"about":[{"href":"https:\/\/gsalcazaba400.org\/index.php\/wp-json\/wp\/v2\/types\/page"}],"author":[{"embeddable":true,"href":"https:\/\/gsalcazaba400.org\/index.php\/wp-json\/wp\/v2\/users\/1"}],"replies":[{"embeddable":true,"href":"https:\/\/gsalcazaba400.org\/index.php\/wp-json\/wp\/v2\/comments?post=380"}],"version-history":[{"count":6,"href":"https:\/\/gsalcazaba400.org\/index.php\/wp-json\/wp\/v2\/pages\/380\/revisions"}],"predecessor-version":[{"id":386,"href":"https:\/\/gsalcazaba400.org\/index.php\/wp-json\/wp\/v2\/pages\/380\/revisions\/386"}],"wp:attachment":[{"href":"https:\/\/gsalcazaba400.org\/index.php\/wp-json\/wp\/v2\/media?parent=380"}],"curies":[{"name":"wp","href":"https:\/\/api.w.org\/{rel}","templated":true}]}}