{"id":37,"date":"2024-05-22T15:25:20","date_gmt":"2024-05-22T15:25:20","guid":{"rendered":"https:\/\/gsalcazaba400.org\/?page_id=37"},"modified":"2026-01-27T18:20:13","modified_gmt":"2026-01-27T18:20:13","slug":"transparencia","status":"publish","type":"page","link":"https:\/\/gsalcazaba400.org\/index.php\/transparencia\/","title":{"rendered":"Transparencia"},"content":{"rendered":"\n<p><a href=\"https:\/\/gsalcazaba400.org\/index.php\/secciones-educativas\/\">Secciones Educativas<\/a><\/p>\n\n\n\n<p><a href=\"https:\/\/gsalcazaba400.org\/index.php\/normas-generales-de-las-actividades-de-educativas\/\">Normas Generales Actividades Educativas del Grupo Scout<\/a><\/p>\n\n\n\n<p><a href=\"https:\/\/gsalcazaba400.org\/index.php\/informacion-acuerdo-de-confidencialidad-y-normas-de-uso-de-los-grupos-de-mensajeria-chats\/\">Informaci\u00f3n, acuerdo de confidencialidad y normas de uso de los grupos de mensajer\u00eda (\u00abChats\u00bb).<\/a><\/p>\n\n\n\n<p><a href=\"https:\/\/gsalcazaba400.org\/index.php\/politica-general-de-devoluciones-anulaciones-y-renuncias\/\">Pol\u00edtica general de devoluciones, anulaciones y renuncias<\/a><\/p>\n\n\n\n<p><a href=\"https:\/\/gsalcazaba400.org\/index.php\/estatutos-de-la-asociacion\/\">Estatutos y Reglamento de funcionamiento de la Asociaci\u00f3n<\/a><\/p>\n\n\n\n<p><a href=\"https:\/\/gsalcazaba400.org\/index.php\/reglamento-sanciones-y-reconocimiento\/\">Reglamento de Sanciones y Reconocimientos<\/a><\/p>\n\n\n\n<p><a href=\"https:\/\/gsalcazaba400.org\/index.php\/plan-de-convivencia-y-protocolo-de-actuacion-en-supuestos-de-violenciaacoso-y-abuso-dentro-del-grupo-scout\/\">Plan de convivencia y protocolo de actuaci\u00f3n en supuestos de violencia, acoso y abuso dentro del Grupo Scout<\/a><\/p>\n\n\n\n<p><a href=\"https:\/\/gsalcazaba400.org\/index.php\/protocolo-de-participacion-de-los-as-educandos-as-en-nuestras-actividades-educativas\/\">Protocolo de participaci\u00f3n de los\/as educandos en nuestras actividades educativas<\/a><\/p>\n\n\n\n<p><a href=\"https:\/\/gsalcazaba400.org\/index.php\/normas-uso-y-gestion-red-wifi\/\">Normas de uso y gesti\u00f3n Red WiFi<\/a><\/p>\n\n\n\n<p><a href=\"https:\/\/gsalcazaba400.org\/index.php\/gestion-economica-y-presupuestaria\/\">Gesti\u00f3n Presupuestaria y Econ\u00f3mica<\/a><\/p>\n\n\n\n<p><a href=\"https:\/\/gsalcazaba400.org\/index.php\/organigrama-pendiente\/\">Organigrama<\/a><\/p>\n\n\n\n<p><a href=\"https:\/\/gsalcazaba400.org\/index.php\/scouters-de-seccion-y-equipos-de-gestion\/\">Scouters de Secci\u00f3n y Equipos de Gesti\u00f3n por Rondas Solares<\/a><\/p>\n\n\n\n<p><a href=\"https:\/\/gsalcazaba400.org\/index.php\/codigo-etico\/\">C\u00f3digo \u00c9tico<\/a><\/p>\n\n\n\n<p><a href=\"https:\/\/gsalcazaba400.org\/index.php\/canal-de-denuncias\/\" data-type=\"page\" data-id=\"380\">Canal de Denuncias (LOPIVI)<\/a><\/p>\n\n\n\n<p><a href=\"https:\/\/scout.es\/proteccion-y-buen-trato-infancia-adolescencia\/\">Protecci\u00f3n y Buen Trato de la Infancia y la Juventud<\/a><\/p>\n\n\n\n<p><a href=\"https:\/\/scout.es\/wp-content\/uploads\/2024\/07\/POLITICA-DE-IGUALDAD-DE-GENERO-PARA-EL-VOLUNTARIADO_2021_BAJA.pdf\">Pol\u00edtica de Igualdad de G\u00e9nero para el voluntariado\/a<\/a><\/p>\n\n\n\n<p><a href=\"https:\/\/scout.es\/wp-content\/uploads\/2025\/02\/Politica-de-Denuncia-de-irregularidades_Rev.01-Formato-Def.pdf\" target=\"_blank\" rel=\"noreferrer noopener\">Pol\u00edtica de Denuncias de Irregularidades de ASDE \u2013 Scouts de Espa\u00f1a<\/a>\u00a0<\/p>\n\n\n\n<p><a href=\"https:\/\/scout.es\/canal-de-denuncias\/\">Canal de denuncias e irregularidades de ASDE-Scouts de Espa\u00f1a<\/a><\/p>\n\n\n\n<p><\/p>\n","protected":false},"excerpt":{"rendered":"<p>Secciones Educativas Normas Generales Actividades Educativas del Grupo Scout Informaci\u00f3n, acuerdo de confidencialidad y normas de uso de los grupos de mensajer\u00eda (\u00abChats\u00bb). Pol\u00edtica general de devoluciones, anulaciones y renuncias Estatutos y Reglamento de funcionamiento de la Asociaci\u00f3n Reglamento de Sanciones y Reconocimientos Plan de convivencia y protocolo de actuaci\u00f3n en supuestos de violencia, acoso [&hellip;]<\/p>\n","protected":false},"author":1,"featured_media":0,"parent":0,"menu_order":0,"comment_status":"closed","ping_status":"closed","template":"","meta":{"footnotes":""},"class_list":["post-37","page","type-page","status-publish","hentry"],"_links":{"self":[{"href":"https:\/\/gsalcazaba400.org\/index.php\/wp-json\/wp\/v2\/pages\/37","targetHints":{"allow":["GET"]}}],"collection":[{"href":"https:\/\/gsalcazaba400.org\/index.php\/wp-json\/wp\/v2\/pages"}],"about":[{"href":"https:\/\/gsalcazaba400.org\/index.php\/wp-json\/wp\/v2\/types\/page"}],"author":[{"embeddable":true,"href":"https:\/\/gsalcazaba400.org\/index.php\/wp-json\/wp\/v2\/users\/1"}],"replies":[{"embeddable":true,"href":"https:\/\/gsalcazaba400.org\/index.php\/wp-json\/wp\/v2\/comments?post=37"}],"version-history":[{"count":22,"href":"https:\/\/gsalcazaba400.org\/index.php\/wp-json\/wp\/v2\/pages\/37\/revisions"}],"predecessor-version":[{"id":390,"href":"https:\/\/gsalcazaba400.org\/index.php\/wp-json\/wp\/v2\/pages\/37\/revisions\/390"}],"wp:attachment":[{"href":"https:\/\/gsalcazaba400.org\/index.php\/wp-json\/wp\/v2\/media?parent=37"}],"curies":[{"name":"wp","href":"https:\/\/api.w.org\/{rel}","templated":true}]}}