{"id":108,"date":"2024-06-25T09:06:46","date_gmt":"2024-06-25T09:06:46","guid":{"rendered":"https:\/\/gsalcazaba400.org\/?page_id=108"},"modified":"2024-06-25T09:06:46","modified_gmt":"2024-06-25T09:06:46","slug":"informacion-acuerdo-de-confidencialidad-y-normas-de-uso-de-los-grupos-de-mensajeria-chats","status":"publish","type":"page","link":"https:\/\/gsalcazaba400.org\/index.php\/informacion-acuerdo-de-confidencialidad-y-normas-de-uso-de-los-grupos-de-mensajeria-chats\/","title":{"rendered":"INFORMACI\u00d3N, ACUERDO DE CONFIDENCIALIDAD Y NORMAS DE USO DE LOS GRUPOS DE MENSAJER\u00cdA (\u201cCHATS\u00bb)"},"content":{"rendered":"\n<p>OBJETIVOS Y FINALIDAD DE LOS CHATS<\/p>\n\n\n\n<p>El Grupo Scout ha creado una serie de Chats en las aplicaciones de mensajer\u00eda \u201cWhatsApp Messenger\u201d y \u201cTelegram FZ-LLC\u201d para cada una de sus secciones educativas y organizativas. Las plataformas han sido elegidas es por su versatilidad y accesibilidad. Sus principales objetivos son:<\/p>\n\n\n\n<p>.- Informar de las actividades educativas que desarrollamos en cada una de nuestras secciones educativas a padres, madres, tutores, usuarios, usuarias, socios, socias y simpatizantes.<\/p>\n\n\n\n<p>.- Gestionar las actividades educativas de las secciones educativas y del Grupo Scout.<\/p>\n\n\n\n<p>.- Fomentar el di\u00e1logo transparente y constructivo.<\/p>\n\n\n\n<p>NORMAS DE USO LOS CHATS<\/p>\n\n\n\n<p>Para que estos canales de informaci\u00f3n sean \u00fatiles para todos y todas, es necesario respetar unas normas b\u00e1sicas. Debes leer con atenci\u00f3n las siguientes normas de uso antes de empezar a participar:<\/p>\n\n\n\n<p>1.- Recuerda que este es un foro p\u00fablico. Por el hecho de enviar cualquier dato, comentario o informaci\u00f3n, asumes que \u00e9ste puede ser visto por los restantes usuarios y usuarias del chat.<\/p>\n\n\n\n<p>2.- Te pedimos que hables en primera persona y que trates de aportar valor en tus comentarios. Recuerda que eres responsable de tus aportaciones y de las eventuales consecuencias en tu imagen y reputaci\u00f3n. Si tienes dudas, mejor no hagas una contribuci\u00f3n.<\/p>\n\n\n\n<p>3.- Este espacio no constituye un foro de intercambio de opiniones o para el debate. No es el \u00e1mbito apropiado para crear pol\u00e9mica, descalificar a otros usuarios, usuarias o a terceros.<\/p>\n\n\n\n<p>4.- Trata con respeto a los otros usuarios y usuarias; usa un lenguaje apropiado y correcto y act\u00faa como si estuvieras en presencia de la otra persona.<\/p>\n\n\n\n<p>5.- No publiques material publicitario ni hagas uso de este chat para lucrarte o hacer negocio.<\/p>\n\n\n\n<p>6.- No publiques material de \u00edndole pol\u00edtico y\/o religioso.<\/p>\n\n\n\n<p>7.- Tenemos que preservar el buen uso del chat y, por ello, el Grupo Scout, como administrador, se reserva el derecho a eliminar, sin derecho a r\u00e9plica, cualquier aportaci\u00f3n que:<\/p>\n\n\n\n<p>.- Considere ilegal, irrespetuosa, amenazante, infundada, calumniosa, inapropiada, \u00e9tica o socialmente discriminatoria o reprochable o que, de alguna forma, pueda ocasionar da\u00f1os y perjuicios materiales o morales al Grupo Scout, colaboradores o terceros.<\/p>\n\n\n\n<p>.- Incorpore datos de terceros sin su autorizaci\u00f3n.<\/p>\n\n\n\n<p>.- Sea redundante.<\/p>\n\n\n\n<p>.- No est\u00e9 relacionada con la finalidad del chat.<\/p>\n\n\n\n<p>8.- No divulgues, publiques y almacenes en tus dispositivos im\u00e1genes de las actividades educativas del Grupo Scout Alcazaba, captadas durante el desarrollo de nuestras actividades educativas y publicadas en el chat con el fin de informar sobre las actividades educativas que realiza el Grupo Scout.<\/p>\n\n\n\n<p>RESPONSABILIDAD Y GARANT\u00cdA DEL GRUPO SCOUT ALCAZABA 400<\/p>\n\n\n\n<p>El Grupo Scout Alcazaba se reserva el derecho a eliminarte como usuario o usuaria sin notificaci\u00f3n previa ninguna.<\/p>\n\n\n\n<p>El Grupo Scout Alcazaba 400 no se hace responsable de tus opiniones vertidas en los diferentes chats y no asume garant\u00eda alguna sobre la veracidad, exactitud o actualizaci\u00f3n de las informaciones enviadas por los usuarios y las usuarias del chat.<\/p>\n\n\n\n<p>En ning\u00fan caso, el Grupo Scout Alcazaba 400, su Comit\u00e9 y Consejo de Grupo ser\u00e1n responsables de cualquier tipo de perjuicio, p\u00e9rdidas, reclamaciones o gastos de ning\u00fan tipo, tanto si proceden como si no del uso del chat, de la informaci\u00f3n adquirida o accedida por o a trav\u00e9s de estas, de virus inform\u00e1ticos, de fallos operativos o de interrupciones en el servicio o transmisi\u00f3n o fallos en la l\u00ednea de tel\u00e9fono m\u00f3vil.<\/p>\n\n\n\n<p>El Grupo Scout Alcazaba 400 no se hace responsable de los sitios webs no propios a los que se puede acceder mediante v\u00ednculos (\u201clinks\u201d) enviados a los chats por los usuarios y las usuarias o de cualquier contenido puesto a su disposici\u00f3n.<\/p>\n\n\n\n<p>El Grupo Scout Alcazaba 400 se reserva el derecho a modificar, suspender, cancelar o restringir el contenido del chat, los v\u00ednculos o la informaci\u00f3n obtenida a trav\u00e9s de ella, sin necesidad de previo aviso.<\/p>\n\n\n\n<p>En caso de que te surjan dudas relacionadas con el contenido y acceso, por favor, contacta con el administrador del chat.<\/p>\n\n\n\n<p>COMPROMISO, ACEPTACI\u00d3N Y AUTORIZACI\u00d3N<\/p>\n\n\n\n<p>1.- Me comprometo a:<\/p>\n\n\n\n<p>.- No divulgar informaci\u00f3n confidencial, por ning\u00fan otro medio o RR.SS, sin permiso.<\/p>\n\n\n\n<p>.- Proteger la informaci\u00f3n confidencial de ser divulgada o mal utilizada.<\/p>\n\n\n\n<p>.- Usar s\u00f3lo la informaci\u00f3n confidencial para el prop\u00f3sito a la que fue enviada al chat.<\/p>\n\n\n\n<p>.- Eliminar cualquier informaci\u00f3n confidencial o antes si el Grupo Scout as\u00ed me lo solicita.<\/p>\n\n\n\n<p>.- Atender y aplicar el Acuerdo de Confidencialidad sobre la Manipulaci\u00f3n y Almacenamiento de Informaci\u00f3n. Si no est\u00e1 de acuerdo con alg\u00fan o algunos de los t\u00e9rminos definidos por favor solicite la desactivaci\u00f3n de su usuario.<\/p>\n\n\n\n<p>2.- Acepto y me comprometo a acatar las normas incluidas en el presente documento.<\/p>\n\n\n\n<p>3.- Autorizo a incluir y participar en los chats mencionados en el apartado 3, con el n\u00famero de tel\u00e9fono m\u00f3vil incluido en el apartado 1 y\/o 2, en el rol que me corresponda (padres, madres, tutores, usuarios, usuarias, socios, socias y simpatizantes).<\/p>\n\n\n\n<p>4.- Que entiendo que toda la informaci\u00f3n no p\u00fablica relacionada con las personas tiene el car\u00e1cter de confidencial, est\u00e1 sujeta a reserva de mi parte y s\u00f3lo puedo utilizar la informaci\u00f3n para los fines para las que ha sido enviada al \u201cChat\u201d.<\/p>\n\n\n\n<p>5.- Que entiendo que, en algunos casos la publicaci\u00f3n, traspaso no autorizado o mal uso de la informaci\u00f3n contenida en el chat puede ser un delito sancionado por la Ley.<\/p>\n\n\n\n<p>ACUERDO DE CONFIDENCIALIDAD<\/p>\n\n\n\n<p>Al firmar este documento confirmo que conozco y acepto el estatuto y el reglamento de la Asociaci\u00f3n Grupo Scout Alcazaba 400, autorizo a captar y divulgar im\u00e1genes del\/a menor\/a en el desarrollo de las actividades educativas del propias del Grupo Scout en el \u201cchat\u201d, y a efectos de lo previsto en el Reglamento (UE) 2016\/679 del Parlamento y del Consejo de 27 de abril de 2016, de Protecci\u00f3n de Datos de Car\u00e1cter Personal (LOPD), que los datos de car\u00e1cter personal que nos proporcione rellenando el presente formulario ser\u00e1n objeto de tratamiento por el Grupo Scout Alcazaba 400, como \u00fanica destinataria de los mismos, con la finalidad de la participaci\u00f3n en de las actividades educativas del Grupo Scout Alcazaba. En caso de producirse alguna modificaci\u00f3n de sus datos, le rogamos nos lo comunique lo antes posible a 400@scoutsdeandalucia.org.<\/p>\n\n\n\n<p>Le informamos tambi\u00e9n que en cualquier momento usted podr\u00e1 ejercitar los derechos de acceso, rectificaci\u00f3n, supresi\u00f3n oposici\u00f3n, portabilidad, limitaci\u00f3n del tratamiento y derecho a no ser objeto de decisiones individuales automatizadas reconocidos en la LOPD mediante escrito dirigido al Grupo Scout Alcazaba 400, con domicilio en calle Nuzas 14. Bloque 7. Local 8, 29010, M\u00e1laga, a la atenci\u00f3n del \u201cDelegado LOPD\u201d.<\/p>\n","protected":false},"excerpt":{"rendered":"<p>OBJETIVOS Y FINALIDAD DE LOS CHATS El Grupo Scout ha creado una serie de Chats en las aplicaciones de mensajer\u00eda \u201cWhatsApp Messenger\u201d y \u201cTelegram FZ-LLC\u201d para cada una de sus secciones educativas y organizativas. Las plataformas han sido elegidas es por su versatilidad y accesibilidad. Sus principales objetivos son: .- Informar de las actividades educativas [&hellip;]<\/p>\n","protected":false},"author":1,"featured_media":0,"parent":0,"menu_order":0,"comment_status":"closed","ping_status":"closed","template":"","meta":{"footnotes":""},"class_list":["post-108","page","type-page","status-publish","hentry"],"_links":{"self":[{"href":"https:\/\/gsalcazaba400.org\/index.php\/wp-json\/wp\/v2\/pages\/108","targetHints":{"allow":["GET"]}}],"collection":[{"href":"https:\/\/gsalcazaba400.org\/index.php\/wp-json\/wp\/v2\/pages"}],"about":[{"href":"https:\/\/gsalcazaba400.org\/index.php\/wp-json\/wp\/v2\/types\/page"}],"author":[{"embeddable":true,"href":"https:\/\/gsalcazaba400.org\/index.php\/wp-json\/wp\/v2\/users\/1"}],"replies":[{"embeddable":true,"href":"https:\/\/gsalcazaba400.org\/index.php\/wp-json\/wp\/v2\/comments?post=108"}],"version-history":[{"count":1,"href":"https:\/\/gsalcazaba400.org\/index.php\/wp-json\/wp\/v2\/pages\/108\/revisions"}],"predecessor-version":[{"id":109,"href":"https:\/\/gsalcazaba400.org\/index.php\/wp-json\/wp\/v2\/pages\/108\/revisions\/109"}],"wp:attachment":[{"href":"https:\/\/gsalcazaba400.org\/index.php\/wp-json\/wp\/v2\/media?parent=108"}],"curies":[{"name":"wp","href":"https:\/\/api.w.org\/{rel}","templated":true}]}}